{"id":1254,"date":"2021-12-17T12:52:24","date_gmt":"2021-12-17T12:52:24","guid":{"rendered":"https:\/\/spitfire.band\/?page_id=1254"},"modified":"2022-09-06T17:37:23","modified_gmt":"2022-09-06T17:37:23","slug":"label-and-livestuff","status":"publish","type":"page","link":"http:\/\/spitfire.band\/?page_id=1254","title":{"rendered":"Label- and Livestuff"},"content":{"rendered":"<div>\n<h1 class=\"uk-article-title\">Impressum<\/h1>\n<div>\n<p class=\"Stil3\">Spitfire Speedmetal<br \/>Manuel Wendland<\/p>\n<p class=\"Stil3\">Gesch\u00e4ftsadresse:<br \/>Manuel Wendland<br \/>Fischerweg 12<br \/>76307 Karlsbad<\/p>\n<p class=\"Stil3\">Privat:<br \/>Manuel Wendland<br \/>Fischerweg 12<br \/>76307 Karlsbad<\/p>\n<p class=\"Stil2\">Telefon: 07202 &#8211; 390 33 49<br \/>E-Mail:<span>\u00a0<\/span><span id=\"cloak9adbc32caa5743c40db14eebd682f9d2\"><a href=\"mailto:info@der-werber.com\">info(at)der-werber.de<\/a><\/span><br \/>Internet: www.der-werber.de<br \/>Gesch\u00e4ftsf\u00fchrer: Manuel Alexander Wendland<br \/>Umsatzsteuer-Identifikationsnummer gem\u00e4\u00df \u00a7 27 a Umsatzsteuergesetz: 89507206410<\/p>\n<p>Inhaltlich Verantwortlicher gem\u00e4\u00df \u00a7 55 Abs. 2 RStV: Manuel Alexander Wendland (Anschrift siehe oben)<\/p>\n<p>Wir distanzeren uns ausdr\u00fccklich von Inhalten der externen Seiten auf die wir von unserer Webpr\u00e4senz aus verlinken, da wir nicht jederzeit f\u00fcr die Rechtm\u00e4\u00dfigkeit dieser Inhalte garantieren k\u00f6nnen; sie unterliegen aus naheliegenden Gr\u00fcnden nicht unserer Kontrolle.<\/p>\n<p class=\"Stil2\">Wir verwenden kein Google Analytics<\/p>\n<\/div>\n<\/div>\n<p><!--more--><br \/>\n<!-- {\"type\":\"layout\",\"children\":[{\"type\":\"section\",\"props\":{\"style\":\"default\",\"width\":\"default\",\"vertical_align\":\"middle\",\"title_position\":\"top-left\",\"title_rotation\":\"left\",\"title_breakpoint\":\"xl\",\"image_position\":\"center-center\"},\"children\":[{\"type\":\"row\",\"children\":[{\"type\":\"column\",\"props\":{\"image_position\":\"center-center\",\"media_overlay_gradient\":\"\"},\"children\":[{\"type\":\"text\",\"props\":{\"margin\":\"default\",\"column_breakpoint\":\"m\",\"content\":\"\n\n<h1 class=\\\"uk-article-title\\\">Impressum<\\\/h1>\\n\n\n<div>\\n\n\n<p class=\\\"Stil3\\\">Spitfire Speedmetal<br \\\/>Manuel Wendland<\\\/p>\\n\n\n<p class=\\\"Stil3\\\">Gesch\\u00e4ftsadresse:<br \\\/>Manuel Wendland<br \\\/>Fischerweg 12<br \\\/>76307 Karlsbad<\\\/p>\\n\n\n<p class=\\\"Stil3\\\">Privat:<br \\\/>Manuel Wendland<br \\\/>Fischerweg 12<br \\\/>76307 Karlsbad<\\\/p>\\n\n\n<p class=\\\"Stil2\\\">Telefon: 07202 - 390 33 49<br \\\/>E-Mail:<span>\\u00a0<\\\/span><span id=\\\"cloak9adbc32caa5743c40db14eebd682f9d2\\\"><a href=\\\"mailto:info@der-werber.com\\\">info(at)der-werber.de<\\\/a><\\\/span><br \\\/>Internet: www.der-werber.de<br \\\/>Gesch\\u00e4ftsf\\u00fchrer: Manuel Alexander Wendland<br \\\/>Umsatzsteuer-Identifikationsnummer gem\\u00e4\\u00df \\u00a7 27 a Umsatzsteuergesetz: 89507206410<br \\\/><br \\\/>Inhaltlich Verantwortlicher gem\\u00e4\\u00df \\u00a7 55 Abs. 2 RStV: Manuel Alexander Wendland (Anschrift siehe oben)<br \\\/><br \\\/>Wir distanzeren uns ausdr\\u00fccklich von Inhalten der externen Seiten auf die wir von unserer Webpr\\u00e4senz aus verlinken, da wir nicht jederzeit f\\u00fcr die Rechtm\\u00e4\\u00dfigkeit dieser Inhalte garantieren k\\u00f6nnen; sie unterliegen aus naheliegenden Gr\\u00fcnden nicht unserer Kontrolle.<\\\/p>\\n\n\n<p class=\\\"Stil2\\\">Wir verwenden kein Google Analytics<\\\/p>\\n<\\\/div>\"}}]}]}]}],\"version\":\"2.4.18\"} --><\/p>\n","protected":false},"excerpt":{"rendered":"<p>Impressum Spitfire SpeedmetalManuel Wendland Gesch\u00e4ftsadresse:Manuel WendlandFischerweg 1276307 Karlsbad Privat:Manuel WendlandFischerweg 1276307 Karlsbad Telefon: 07202 &#8211; 390 33 49E-Mail:\u00a0info(at)der-werber.deInternet: www.der-werber.deGesch\u00e4ftsf\u00fchrer: Manuel Alexander WendlandUmsatzsteuer-Identifikationsnummer gem\u00e4\u00df \u00a7 27 a Umsatzsteuergesetz: 89507206410 Inhaltlich Verantwortlicher gem\u00e4\u00df \u00a7 55 Abs. 2 RStV: Manuel Alexander Wendland (Anschrift siehe oben) Wir distanzeren uns ausdr\u00fccklich von Inhalten der externen Seiten auf die wir von [&hellip;]<\/p>\n","protected":false},"author":1,"featured_media":0,"parent":0,"menu_order":0,"comment_status":"closed","ping_status":"closed","template":"","meta":[],"_links":{"self":[{"href":"http:\/\/spitfire.band\/index.php?rest_route=\/wp\/v2\/pages\/1254"}],"collection":[{"href":"http:\/\/spitfire.band\/index.php?rest_route=\/wp\/v2\/pages"}],"about":[{"href":"http:\/\/spitfire.band\/index.php?rest_route=\/wp\/v2\/types\/page"}],"author":[{"embeddable":true,"href":"http:\/\/spitfire.band\/index.php?rest_route=\/wp\/v2\/users\/1"}],"replies":[{"embeddable":true,"href":"http:\/\/spitfire.band\/index.php?rest_route=%2Fwp%2Fv2%2Fcomments&post=1254"}],"version-history":[{"count":2,"href":"http:\/\/spitfire.band\/index.php?rest_route=\/wp\/v2\/pages\/1254\/revisions"}],"predecessor-version":[{"id":1438,"href":"http:\/\/spitfire.band\/index.php?rest_route=\/wp\/v2\/pages\/1254\/revisions\/1438"}],"wp:attachment":[{"href":"http:\/\/spitfire.band\/index.php?rest_route=%2Fwp%2Fv2%2Fmedia&parent=1254"}],"curies":[{"name":"wp","href":"https:\/\/api.w.org\/{rel}","templated":true}]}}